ens digit of 22415?
1
What is the tens digit of 1362?
6
What is the hundreds digit of 519?
5
What is the hundreds digit of 179531?
5
What is the thousands digit of 6764?
6
What is the hundreds digit of 1773?
7
What is the tens digit of 3913?
1
What is the units digit of 2336?
6
What is the tens digit of 975?
7
What is the units digit of 5203?
3
What is the tens digit of 72?
7
What is the hundreds digit of 199?
1
What is the hundreds digit of 8486?
4
What is the hundreds digit of 32764?
7
What is the hundreds digit of 669?
6
What is the tens digit of 35048?
4
What is the units digit of 1120?
0
What is the thousands digit of 11059?
1
What is the tens digit of 16995?
9
What is the tens digit of 25208?
0
What is the tens digit of 180?
8
What is the tens digit of 365?
6
What is the units digit of 3339?
9
What is the thousands digit of 66079?
6
What is the tens digit of 99723?
2
What is the hundreds digit of 726?
7
What is the hundreds digit of 5301?
3
What is the ten thousands digit of 31626?
3
What is the hundreds digit of 703?
7
What is the thousands digit of 6051?
6
What is the units digit of 3411?
1
What is the units digit of 7332?
2
What is the hundreds digit of 1207?
2
What is the hundreds digit of 2902?
9
What is the thousands digit of 10546?
0
What is the tens digit of 276?
7
What is the hundreds digit of 226?
2
What is the hundreds digit of 999?
9
What is the units digit of 646?
6
What is the units digit of 90?
0
What is the tens digit of 6432?
3
What is the hundreds digit of 9598?
5
What is the tens digit of 1392?
9
What is the units digit of 1234?
4
What is the hundreds digit of 12751?
7
What is the thousands digit of 1523?
1
What is the tens digit of 1707?
0
What is the units digit of 18586?
6
What is the hundreds digit of 2713?
7
What is the thousands digit of 1830?
1
What is the units digit of 661?
1
What is the tens digit of 62576?
7
What is the thousands digit of 1077?
1
What is the hundreds digit of 49204?
2
What is the units digit of 3329?
9
What is the units digit of 3806?
6
What is the units digit of 15593?
3
What is the thousands digit of 3627?
3
What is the ten thousands digit of 22255?
2
What is the hundreds digit of 5580?
5
What is the hundreds digit of 584?
5
What is the ten thousands digit of 36242?
3
What is the hundreds digit of 1074?
0
What is the units digit of 337?
7
What is the thousands digit of 15182?
5
What is the units digit of 22412?
2
What is the units digit of 95?
5
What is the tens digit of 56?
5
What is the hundreds digit of 85817?
8
What is the tens digit of 797?
9
What is the hundreds digit of 1769?
7
What is the hundred thousands digit of 130952?
1
What is the tens digit of 57102?
0
What is the tens digit of 732?
3
What is the hundreds digit of 3504?
5
What is the tens digit of 11277?
7
What is the thousands digit of 3459?
3
What is the ten thousands digit of 98235?
9
What is the thousands digit of 21680?
1
What is the units digit of 20252?
2
What is the units digit of 5771?
1
What is the tens digit of 565?
6
What is the tens digit of 948?
4
What is the ten thousands digit of 78975?
7
What is the hundreds digit of 87330?
3
What is the tens digit of 403?
0
What is the hundreds digit of 336?
3
What is the tens digit of 3011?
1
What is the hundreds digit of 11358?
3
What is the thousands digit of 2429?
2
What is the units digit of 1634?
4
What is the tens digit of 14834?
3
What is the thousands digit of 49288?
9
What is the hundreds digit of 1197?
1
What is the hundreds digit of 31380?
3
What is the tens digit of 208?
0
What is the tens digit of 25108?
0
What is the thousands digit of 24005?
4
What is the tens digit of 507?
0
What is the units digit of 5270?
0
What is the units digit of 1384?
4
What is the ten thousands digit of 15606?
1
What is the units digit of 132401?
1
What is the tens digit of 13106?
0
What is the thousands digit of 3459?
3
What is the hundreds digit of 6726?
7
What is the hundreds digit of 29345?
3
What is the thousands digit of 2705?
2
What is the units digit of 745?
5
What is the ten thousands digit of 21690?
2
What is the units digit of 2910?
0
What is the tens digit of 15492?
9
What is the thousands digit of 33292?
3
What is the units digit of 84417?
7
What is the thousands digit of 99771?
9
What is the hundreds digit of 1168?
1
What is the tens digit of 164?
6
What is the units digit of 16405?
5
What is the units digit of 66185?
5
What is the tens digit of 30632?
3
What is the ten thousands digit of 32331?
3
What is the ten thousands digit of 11339?
1
What is the thousands digit of 13155?
3
What is the units digit of 576?
6
What is the hundreds digit of 62588?
5
What is the tens digit of 229?
2
What is the tens digit of 963?
6
What is the units digit of 57587?
7
What is the tens digit of 114768?
6
What is the tens digit of 25826?
2
What is the units digit of 71186?
6
What is the tens digit of 1224?
2
What is the units digit of 18570?
0
What is the units digit of 64728?
8
What is the units digit of 3791?
1
What is the thousands digit of 15393?
5
What is the units digit of 842?
2
What is the units digit of 2868?
8
What is the tens digit of 19435?
3
What is the units digit of 12395?
5
What is the tens digit of 40945?
4
What is the tens digit of 2204?
0
What is the thousands digit of 1208?
1
What is the tens digit of 62969?
6
What is the hundreds digit of 5543?
5
What is the units digit of 848?
8
What is the units digit of 38414?
4
What is the ten thousands digit of 22052?
2
What is the thousands digit of 42181?
2
What is the units digit of 68749?
9
What is the hundreds digit of 2511?
5
What is the thousands digit of 64756?
4
What is the ten thousands digit of 36719?
3
What is the units digit of 103?
3
What is the tens digit of 665?
6
What is the hundreds digit of 346?
3
What is the ten thousands digit of 99441?
9
What is the tens digit of 3724?
2
What is the tens digit of 13876?
7
What is the units digit of 2510?
0
What is the hundreds digit of 8345?
3
What is the units digit of 3642?
2
What is the tens digit of 20695?
9
What is the hundreds digit of 12134?
1
What is the hundreds digit of 252?
2
What is the ten thousands digit of 10283?
1
What is the units digit of 2328?
8
What is the ten thousands digit of 176650?
7
What is the hundreds digit of 39041?
0
What is the hundreds digit of 681?
6
What is the hundreds digit of 8671?
6
What is the units digit of 16?
6
What is the hundreds digit of 23099?
0
What is the hundreds digit of 694?
6
What is the units digit of 358?
8
What is the tens digit of 317?
1
What is the units digit of 3114?
4
What is the tens digit of 42588?
8
What is the tens digit of 1293?
9
What is the units digit of 21949?
9
What is the units digit of 5791?
1
What is the units digit of 2227?
7
What is the tens digit of 1989?
8
What is the thousands digit of 8536?
8
What is the hundreds digit of 2193?
1
What is the tens digit of 7861?
6
What is the hundreds digit of 46064?
0
What is the thousands digit of 91070?
1
What is the hundreds digit of 6702?
7
What is the thousands digit of 3849?
3
What is the units digit of 64?
4
What is the thousands digit of 2744?
2
What is the hundreds digit of 9868?
8
What is the units digit of 674?
4
What is the units digit of 65403?
3
What is the units digit of 170048?
8
What is the units digit of 26889?
9
What is the tens digit of 5479?
7
What is the hundreds digit of 5862?
8
What is the hundreds digit of 298?
2
What is the thousands digit of 6046?
6
What is the units digit of 3135?
5
What is the units digit of 34125?
5
What is the ten thousands digit of 119234?
1
What is the ten thousands digit of 68729?
6
What is the thousands digit of 2082?
2
What is the hundreds digit of 232?
2
What is the hundreds digit of 940?
9
What is the hundreds digit of 159?
1
What is the hundreds digit of 1292?
2
What is the hundreds digit of 787?
7
What is the thousands digit of 6861?
6
What is the units digit of 1736?
6
What is the thousands digit of 8110?
8
What is the tens digit of 10633?
3
What is the units digit of 7488?
8
What is the hundreds digit of 13374?
3
What is the thousands digit of 1230?
1
What is the hundreds digit of 107199?
1
What is the units digit of 191?
1
What is the tens digit of 2202?
0
What is the tens digit of 680?
8
What is th